site?
False
Is 141171313 prime?
True
Is 4759691 a prime number?
False
Is 72074489 a prime number?
False
Is 42802153 a composite number?
False
Is 8682367 prime?
False
Is 47105963 prime?
False
Is 190113757 a prime number?
True
Is 1017151 composite?
True
Is 186443 prime?
False
Is 82454654 a prime number?
False
Is 33878389 composite?
False
Is 6773881 prime?
True
Is 32713997 composite?
True
Is 194318029 prime?
True
Is 27615101 a composite number?
False
Is 3606461 composite?
False
Is 20513893 a prime number?
False
Is 6445037 a prime number?
False
Is 108285091 a composite number?
False
Is 594198841 composite?
True
Is 26807359 prime?
False
Is 650387 a composite number?
False
Is 147281467 a composite number?
False
Is 62770817 composite?
True
Is 10534219 composite?
True
Is 2834921 prime?
True
Is 343769 a prime number?
True
Is 752860223 a composite number?
False
Is 54062 a composite number?
True
Is 130110833 composite?
True
Is 66445711 a composite number?
False
Is 698519 a composite number?
True
Is 245115914 prime?
False
Is 1260691 composite?
False
Is 254002717 a prime number?
True
Is 234252851 prime?
False
Is 1315481 prime?
True
Is 84631951 composite?
False
Is 772817993 composite?
False
Is 2317517 composite?
True
Is 139236233 a prime number?
True
Is 24726389 composite?
True
Is 42215731 a composite number?
False
Is 370264129 a prime number?
False
Is 19819517 a composite number?
True
Is 14642 a composite number?
True
Is 836019851 prime?
True
Is 48483299 prime?
True
Is 6054767 a composite number?
True
Is 21418451 a composite number?
True
Is 24104513 prime?
False
Is 116879047 prime?
True
Is 346831 a prime number?
True
Is 447650831 a composite number?
False
Is 208065491 a prime number?
True
Is 3271 a composite number?
False
Is 9662329 a composite number?
False
Is 176822859 composite?
True
Is 2720593 a prime number?
True
Is 124749661 a prime number?
True
Is 3599423 composite?
False
Is 2366607981 a composite number?
True
Is 4870511 a prime number?
True
Is 3010685 a composite number?
True
Is 52309219 prime?
False
Is 466990999 a composite number?
True
Is 2152191 composite?
True
Is 5914543 a composite number?
True
Is 337607 a composite number?
False
Is 35417761 a composite number?
False
Is 179558597 prime?
False
Is 75001243 composite?
False
Is 18355 prime?
False
Is 26041727 composite?
True
Is 8301439 composite?
True
Is 3164981 prime?
True
Is 14612167 a composite number?
True
Is 8928191 a prime number?
True
Is 3184931 prime?
False
Is 2866183 a composite number?
True
Is 15573643 composite?
False
Is 566104323 composite?
True
Is 13433521 a prime number?
False
Is 67504529 composite?
False
Is 16370083 a composite number?
False
Is 15499223 prime?
False
Is 10637959 a prime number?
True
Is 25614353 a prime number?
False
Is 9679259 composite?
True
Is 1169863 a composite number?
True
Is 5578981 composite?
True
Is 187237123 prime?
True
Is 319678 a prime number?
False
Is 5945039 composite?
False
Is 70451555 a composite number?
True
Is 128920783 prime?
True
Is 1058843 a prime number?
False
Is 439772251 a prime number?
False
Is 17219002 a prime number?
False
Is 12680819 prime?
False
Is 40171067 a composite number?
True
Is 3047299 prime?
True
Is 256348891 prime?
True
Is 24769963 prime?
False
Is 121333111 composite?
False
Is 15931441 a prime number?
True
Is 1044931 composite?
False
Is 21450389 prime?
True
Is 2390519 composite?
False
Is 149974963 a prime number?
False
Is 85975753 composite?
True
Is 2433329 composite?
True
Is 7138297 composite?
False
Is 559993619 a composite number?
True
Is 216638753 prime?
True
Is 6062579 a prime number?
True
Is 9441487 a composite number?
True
Is 27689029 prime?
True
Is 82527139 composite?
False
Is 2322217 prime?
False
Is 38605519 a prime number?
True
Is 5068417 a prime number?
False
Is 117859939 a composite number?
True
Is 10591597 composite?
False
Is 448592191 prime?
False
Is 108851501 prime?
False
Is 1605481 composite?
True
Is 68218415 a prime number?
False
Is 2381831 composite?
True
Is 681425777 prime?
True
Is 3662647 a composite number?
True
Is 430434241 prime?
False
Is 661009 prime?
True
Is 84377 a prime number?
True
Is 5910797 prime?
False
Is 17845459 composite?
False
Is 762557857 a prime number?
False
Is 6785921 prime?
False
Is 60222923 a prime number?
True
Is 47515763 prime?
True
Is 35353394 a prime number?
False
Is 94354849 prime?
False
Is 2948299 a prime number?
True
Is 19223161 prime?
True
Is 708180751 a composite number?
False
Is 4838707 prime?
True
Is 68561081 composite?
False
Is 10274743 composite?
False
Is 277530533 composite?
True
Is 63050371 a composite number?
False
Is 73059037 a composite number?
True
Is 10955941 composite?
False
Is 361047133 prime?
False
Is 354337439 composite?
False
Is 272095333 a prime number?
False
Is 3017 composite?
True
Is 68839273 composite?
True
Is 102576949 a composite number?
False
Is 2371423 prime?
True
Is 3437921 a prime number?
False
Is 100696693 a composite number?
False
Is 38474167 prime?
True
Is 24430069 a prime number?
True
Is 3595505 a prime number?
False
Is 78149794 prime?
False
Is 941377 prime?
False
Is 224069 a composite number?
False
Is 119406899 a prime number?
True
Is 3231097 a prime number?
True
Is 2924693 a composite number?
True
Is 149102549 a prime number?
True
Is 308274217 a prime number?
True
Is 16487749 prime?
True
Is 14538269 a prime number?
True
Is 104939177 composite?
True
Is 50776031 composite?
False
Is 8730149 a prime number?
True
Is 50271379 a prime number?
True
Is 32760193 prime?
False
Is 59059443 composite?
True
Is 237137 composite?
False
Is 95549863 a prime number?
True
Is 9693109 composite?
True
Is 60604165 composite?
True
Is 9764393 a composite number?
False
Is 52720139 composite?
True
Is 7355947 a composite number?
False
Is 109502917 a prime number?
True
Is 1515223 composite?
True
Is 25586923 prime?
True
Is 18802109 prime?
False
Is 6770039 a prime number?
True
Is 1611059 composite?
False
Is 651239 a composite number?
False
Is 2463209 composite?
True
Is 21067229 prime?
True
Is 956329 prime?
False
Is 1820251 a prime number?
False
Is 4526771 a prime number?
True
Is 102515473 composite?
True
Is 5576587 a prime number?
False
Is 4494713 prime?
False
Is 10559431 a composite number?
True
Is 8544593 a prime number?
True
Is 9378583 a prime number?
True
Is 41716651 prime?
True
Is 155671169 a prime number?
True
Is 11953121 prime?
True
Is 7669663 a prime number?
True
Is 57003881 prime?
False
Is 2774477 composite?
False
Is 955826773 prime?
False
Is 82862279 a composite number?
False
Is 17861453 prime?
True
Is 2660111 a prime number?
False
Is 101207231 a composite number?
False
Is 9022471 composite?
False
Is 23989211 a prime number?
True
Is 98066777 a prime number?
False
Is 43913929 a composite number?
False
Is 38394001 a composite number?
True
Is 1234313 composite?
True
Is 423053 a composite number?
False
Is 171671393 a composite number?
True
Is 165631 a prime number?
False
Is 53491429 a prime number?
False
Is 18263787 a prime number?
False
Is 97063921 a prime number?
True
Is 1383923869 a composite number?
True
Is 12738779 prime?
True
Is 22783573 a prime number?
True
Is 499632853 composite?
False
Is 1335329 a composite number?
True
Is 1656073 a prime number?
True
Is 799723 prime?
True
Is 1401791 a composite number?
False
Is 90052027 composite?
True
Is 6117193 composite?
False
Is 21244969 composite?
False
Is 933883 composite?
False
Is 4956379 composite?
False
Is 2942727 a prime number?
False
Is 43175851 composite?
False
Is 60617527 prime?
True
Is 2411061 prime?
False
Is 5797339 a prime number?
True
Is 51424059 a composite number?
True
Is 449634649 prime?
False
Is 50504627 prime?
True
Is 301543387 a composite number?
True
Is 21549419 prime?
False
Is 12197333 a prime number?
False
Is 1558201 a composite number?
False
Is 79208837 composite?
False
Is 1169249 a prime number?
True
Is 513631 a prime number?
True
Is 6541243 a composite number?
True
Is 39520669 a prime number?
False
Is 10029299 composite?
True
Is 2958118 a prime number?
False
Is 2097197 a prime number?
False
Is 6424127 a composite number?
True
Is 589553737 prime?
True
Is 8118553 a prime number?
True
Is 174608561 composite?
False
Is 2752801 composite?
True
Is 1470487 a prime number?
True
Is 9102523 a prime number?
True
I